.
15
Suppose 0 = 5*r + 2*w - 10, 0 = -2*w - 12 + 2. Suppose g + 77 = 4*l, 3 + 0 = -3*g. Let a(x) = x**3 - 3*x**2 + 30 - l*x + 17*x - 34. Determine a(r).
4
Let r be 4*(-2)/(-10) - ((-17472)/60)/56. Let j(y) = -3*y**2 + 2 + 5*y - y + 2*y**2. Determine j(r).
-10
Let y(d) = 142*d**3 - d**2 + 2*d - 4. Let a(l) = -3*l**3 - l + 1. Let u(g) = 4*a(g) + y(g). What is u(-1)?
-129
Suppose -4*x - 1 + 13 = 0, 3*x = -5*k - 226. Let r = k + 48. Let p(f) = 17*f. Determine p(r).
17
Let z = -93 - -97. Let y(w) = 3*w**2 + 3*w - 3*w + 4 - 8061*w**3 + 8060*w**3. Give y(z).
-12
Let y be 2/4 + (-2)/4. Let p(u) = 27*u + 5. Let h = 1772 + -1778. Let t(n) = -23*n - 7. Let k(w) = h*p(w) - 7*t(w). What is k(y)?
19
Let z(i) = i**2 - 5*i - 4. Let s be z(-7). Suppose 0 = 6*o - 118 - 386. Let h = o - s. Let g(c) = -c**2 + 4*c - 4. Calculate g(h).
-4
Let d(s) = -s**3 + 5*s**2 + 6*s - 21. Let k(m) = m**2 + 23*m - 1584. Let v be k(30). Calculate d(v).
-21
Let m(g) = 7*g**3 + 12*g + 10. Let z(k) = -13*k**3 - k**2 - 23*k - 19. Let y(j) = -11*m(j) - 6*z(j). Let f = 406543 - 406547. Give y(f).
12
Let a(q) = -q**2 - 45*q - 324. Let b be a(-36). Let m(u) = -u**2 - u - 15. Give m(b).
-15
Let a(y) = -14*y. Let x(w) = -15*w - 1. Let q(u) = 3*a(u) - 2*x(u). Let f(t) = 67*t - 2 + 2 - 3 - 53*t. Let d(k) = -3*f(k) - 4*q(k). What is d(-1)?
-5
Let b(s) = 4*s**3 + 19*s**2 + 13*s. Let w(n) = 3*n**3 + 17*n**2 + 12*n. Let l(u) = 4*b(u) - 5*w(u). Calculate l(10).
20
Let z(o) be the first derivative of -3*o**3 - 3*o**2/2 + 2*o + 310. Give z(2).
-40
Let m be (2/(-4) - -2)/((-2)/4). Let s(g) = g**2 - g + 1. Let d(i) = -4*i**2 + i - 4. Let u(a) = d(a) + 3*s(a). Determine u(m).
-4
Let n be -1*(4 - (-4 - 0)). Suppose 5*q - 4*q - 7 = 0. Let p(x) = -1 + x**3 + q*x - 3*x**2 + 7*x**2 - 7 + 5*x**2. What is p(n)?
0
Let a(n) be the first derivative of -n**4/4 + 3*n**3 + 11*n**2/2 - 6*n + 74. What is a(10)?
4
Let n = -15 + 11. Let r(h) = 2*h**3 - 2*h**2 - 8*h**3 + 5*h**3 - h**2 + 6*h + 0*h**3 + 6. Calculate r(n).
-2
Let w(r) be the second derivative of 3 - 19*r - 1/4*r**4 - 1/6*r**3 + r**2 - 1/20*r**5. What is w(-3)?
5
Let n(u) be the third derivative of 0 - 1/8*u**4 + 21*u**2 + 1/6*u**3 + 1/60*u**5 + 0*u. Suppose -4*o = -0*m + 3*m - 5, 0 = 2*m - 4*o - 10. Give n(m).
1
Let z(o) = -o**3 - 6*o**2 - 5*o + 3. Let h be z(-4). Let n(g) = -86*g**2 + 178*g**2 - 93*g**2 - 27180*g + 27171*g + 3. What is n(h)?
3
Let h(a) = -a**2 - 8*a + 2. Let r be (-46)/(-8) - (-12)/(-16). Suppose -10 = -r*v - 0*v. Let d be -8 + v + -1 + 0. What is h(d)?
9
Suppose -3*n + 200 = 5*f - 54, 2*n + 3*f - 169 = 0. Let y = 85 - n. Let u(d) = 4*d**2 + 3*d - 3. Give u(y).
19
Let f(b) = b**2 - 15*b + 57. Let v be f(6). Let d(p) = v*p + 1 + 1 + 2 - 1. Determine d(-4).
-9
Let s(y) = -7*y + 12. Let k(g) be the third derivative of -17*g**4/24 + 25*g**3/6 + g**2 - 40*g. Let b(o) = 2*k(o) - 5*s(o). What is b(11)?
1
Let m(s) = -12 - 18*s + 31 + 16*s - 6. Determine m(-4).
21
Suppose -2*u - 26 = -15*u. Let q(a) = -204 + a - 212 + 405 - a**u. Let g = -5 + 5. What is q(g)?
-11
Let j(o) = 101*o**2 + 396*o - 338. Let n(a) = -14*a**2 - 56*a + 48. Let d(p) = 4*j(p) + 29*n(p). Determine d(-22).
-48
Let w(l) = -68*l**2 - 40*l + 30. Let q(h) = -13*h**2 - 8*h + 6. Let z(m) = 16*q(m) - 3*w(m). Give z(4).
-90
Suppose 12*u - 6*u = 1218. Suppose 5*y - u = 367. Let j(q) = y + 0*q - 9*q**2 + q - 114. Give j(-1).
-10
Let f = -172 + 179. Let k(z) be the second derivative of z**3/6 + 5*z**2/2 - 3*z - 32. What is k(f)?
12
Let s(u) be the third derivative of 13*u**4/24 - 8*u**3/3 + 651*u**2 + u. Determine s(2).
10
Let q(o) be the first derivative of o**4/12 - o**3 + 5*o**2/2 + 33*o + 9. Let u(h) be the first derivative of q(h). What is u(4)?
-3
Suppose 2*v - 6*v - 28 = -2*o, v = -3*o + 7. Suppose 0 = 5*b + 21 + o. Let d be (27/b + 4)*-5. Let w(m) = -m**3 + 8*m**2 - 5*m + 6. Determine w(d).
20
Let j(v) = 5*v - 10*v**2 - 3 + 11*v**2 + v. Let g be j(-7). Let m(d) = -12*d**2 - 1 + 6*d**2 + 4*d**2 + 20*d**3 + g*d**2. Determine m(-1).
-19
Let n(z) = z + 69. Let i(r) = -2*r**3 + 149*r**2 + 79*r - 318. Let t be i(75). What is n(t)?
51
Let f(v) = 836*v - 1697. Let y be f(2). Let d(m) = -m**2 - 40*m - 369. Calculate d(y).
6
Let i(x) = -5*x**2 - 402*x + 16. Let n(m) = -7*m**2 - 503*m + 17. Let k(f) = 5*i(f) - 4*n(f). What is k(5)?
97
Let p(h) = -h**2 + 5*h + 2. Let w be p(5). Let x(m) = 9*m**2 - 3*m - 13. Let q(y) = -7*y**2 + 2*y + 10. Let o(u) = 4*q(u) + 3*x(u). What is o(w)?
-5
Let f(a) = 2*a - 4 + 2*a + 5 + 7. Suppose 0 = 5*o + 4*m - 16, 2*o + 1 = -2*m + 7. Suppose -o*r = 41 - 17. Give f(r).
-16
Let z(y) be the third derivative of -y**5/60 - 3*y**4/4 + 91*y**3/3 + 9999*y**2. Calculate z(7).
7
Let l(q) be the third derivative of -1/60*q**5 + 3*q**2 - 1/2*q**3 + 0 + 0*q - 5/24*q**4. Let w(p) = 4*p**2 + 313*p + 73. Let h be w(-78). Give l(h).
-3
Let z(a) = -7 - 470*a + 253*a - 54 + 212*a. Calculate z(-15).
14
Let f(b) = 591 + 19*b**2 - 20*b**2 - 302 + 13*b - 295. Let i = 8 + 3. Give f(i).
16
Let w(d) be the second derivative of 2*d**3/3 + 17*d**2 - 285*d. Determine w(-10).
-6
Let v(u) = 5*u - 10. Let z(d) = d - 6. Let l(o) = v(o) - 2*z(o). Let p = -117 + 113. Give l(p).
-10
Suppose -7 = -5*w + 3. Let p be w/9 + (-100)/45. Let l(j) = -4*j - 3 + 4*j**2 + 1055*j**3 - 3*j**2 - 1053*j**3. Calculate l(p).
-7
Suppose 139 = 49*p - 57. Let o(q) = 11*q. Give o(p).
44
Let l(p) = 3*p - 1. Let d(v) = 129*v - 64 + 9 - 12*v + 0 + 19. Let q(h) = -d(h) + 36*l(h). Give q(4).
-36
Let q(o) = 0*o - 36 + 13*o - 6*o - 5*o. Let c be q(21). Let p(s) = 2*s - 2. Let r(v) = v - 1. Let i(d) = c*p(d) - 11*r(d). Give i(3).
2
Let m(k) = -2*k**3 + k**2 - 4*k - 5. Let x(a) = 6*a**3 - 3*a**2 + 13*a + 16. Let h(g) = -10*m(g) - 3*x(g). Give h(-1).
-2
Let f(b) = b**3 - b**2 + 2*b - 2. Let s(g) = -23*g + 8*g - 17*g**2 + 24*g**3 - 25*g**3 + 18. Let t be s(-16). What is f(t)?
6
Let o = 60 - 61. Let p(h) be the first derivative of 1/2*h**2 + h - 1/3*h**3 - 54 + 5/4*h**4. Give p(o).
-6
Let m(v) = v**3 - 15*v**2 + v - 9. Let r be 104*11/88 - -2. Determine m(r).
6
Suppose -2*k + 4 = -12. Let j be (-10)/(k/(-18) + (-10)/(-45)). Suppose j = -3*a + 57. Let r(n) = -2*n**2 + 3*n + 1. Determine r(a).
-19
Suppose -22*i + 45 - 185 = -32*i. Let u(c) be the first derivative of -1/3*c**3 + i + 8*c - 5/2*c**2. Give u(-6).
2
Let g be ((-96)/(-36))/((-2)/(-3)). Suppose -2*h = -g*b + 28, -2*b + 11 = -2*h - 7. Let u(a) = -a**2 - 2*a - 3. Calculate u(b).
-38
Let q(h) be the first derivative of 3/2*h**2 + 22 + 2*h. What is q(-2)?
-4
Let d = 27388 - 27390. Let z(j) = 10*j - 5. What is z(d)?
-25
Let t(x) = 5*x - 4 + x**2 - 10*x - 3 + 4. Let d be 255/40 + 3/(-8). Suppose 12 = 9*w - d*w. Determine t(w).
-7
Let c(s) = 15*s**3 - s**2 + s. Let w(t) = -30*t**3 + 3*t**2 - 2*t. Let i be 7/(5/15*-3). Let h(o) = i*c(o) - 3*w(o). Let r = 267 + -268. What is h(r)?
14
Let l = 147 - 50. Let p = 103 - l. Let u(k) = 0*k**2 - p*k**2 + 2*k - 4*k**2 + 1. Give u(-1).
-11
Let p(g) = -4*g**2 - g - 6. Let v(d) be the first derivative of 5*d**3/3 + 6*d - 5. Let q(b) = 6*p(b) + 5*v(b). Suppose -20*r = 2*r - 154. What is q(r)?
1
Let x be (-192)/(-36) - (-2)/(-6). Suppose -x*q - 169 = -169. Let y(b) = -2*b - 9. What is y(q)?
-9
Let m(p) = -p**3 - p**2 - 2*p + 1. Suppose -4*n = -33 + 25. Suppose n*b = 18*b - 64. Suppose 5*o - 3*g = -10, 2*g + b = -2*o - 0*o. Determine m(o).
9
Let g(s) be the first derivative of -5*s**3/3 - 3*s**2/2 - s - 1. Let f = -321 + 331. Suppose f*p - p = -18. What is g(p)?
-15
Let b(r) be the first derivative of r**4/24 - r**3/6 - 14*r**2 - 38. Let s(a) be the second derivative of b(a). Give s(-9).
-10
Let u be 1 - 0 - (-56 + 35). Let p(o) = o**3 - 21*o**2 - 24*o + 50. Calculate p(u).
6
Let y = -116 - -138. Let l(n) = -y*n + 8*n - 7*n**2 + 13*n. Calculate l(-1).
-6
Suppose 106*q = 46*q + 120. Let p(k) = k**3 - 3*k**2 + k - 2. Determine p(q).
-4
Let r(u) be the second derivative of -u**4/6 - 7*u**3/6 - 2*u**2 + u - 87. Suppose 3*v + 27 = -0*v. Let m = 5 + v. Give r(m).
-8
Let a(l) = -l**3 + 7*l**2 - 8*l + 6. Let r be a(5). Let y(m) = -6*m + 104. Calculate y(r).
8
Suppose 302 - 55 + 141 = -97*x. Let z(a) = 4*a**2 - 2*a - 1. Let b(p) = 2*p + 0*p + 0*p**2 - 5*p**2. Let d(u) = x*z(u) - 3*b(u). Calculate d(4).
-4
Let b(x) = x**2 - 9*x + 6. Let f be 95*2/70 +